(2)?
-11
Let k(j) = -2 + j + 3*j - j - 2*j. Let b be (-9)/6*1*-2. What is k(b)?
1
Let s(h) = -2*h**3 + h**2 + 2*h + 1. Let g be (-2)/(-6)*-3 - 0. What is s(g)?
2
Let x(y) = -y**2 + 5*y - 6. Suppose -4*p = -2*p - 8. Give x(p).
-2
Let g = 2 - 3. Let y be (g - 1)/1 - 2. Let c(m) = m**3 + 3*m**2 - 12*m + 3. Let s(u) = -u**3 - 3*u**2 + 11*u - 2. Let h(l) = -5*c(l) - 6*s(l). Calculate h(y).
5
Let d(n) = 2*n + 1. Let y(x) = x. Suppose 3*u - 2*g + 13 = 0, -u + 5*g - 11 = g. Suppose -s = -0*s - 5. Let t(v) = s*y(v) + u*d(v). Calculate t(5).
-8
Let i be 8/(-6)*(-36)/8. Suppose 2*a - 16 + i = 0. Let r(d) = d**2 - 6*d + 3. Give r(a).
-2
Suppose -1 = -4*n + 3*n. Let u = n + -1. Let l(i) = 0 + i + u + 2. Calculate l(-4).
-2
Let i be ((-2)/(-6))/(2/(-30)). Let f(b) = -2*b. What is f(i)?
10
Let m(o) = -o**2 - 5*o. Suppose -24*x + 9*x = 90. What is m(x)?
-6
Let v(a) = -15*a**3 + 3*a**2 - 3*a - 7. Let o(d) = d**3 - d**2 + d + 2. Let u(j) = 3*o(j) + v(j). Let i(k) = 2*k + 3. Let x be i(-2). Determine u(x).
11
Let q(p) be the third derivative of p**6/120 + p**5/10 + p**4/8 + 4*p**3/3 - 27*p**2. Determine q(-6).
-10
Let q(l) be the first derivative of l**2 + 0*l + 0*l**3 - 1/12*l**5 + 0*l**4 + 1/120*l**6 + 2. Let v(x) be the second derivative of q(x). Calculate v(5).
0
Let z = 7 + -4. Let i(k) = -4 + 0*k**2 + 4*k + 2*k**2 - 3*k**2. Calculate i(z).
-1
Suppose 8 = 4*v - 2*v. Let f(t) = -t**2 - 8*t - 5*t**2 - v - t**3 + t. Calculate f(-5).
6
Suppose -4*t - 3*j = 2, t + 8 = -t + 2*j. Let o(r) = -r**2 - 2. Determine o(t).
-6
Let x(b) = 8*b + 1 - b**2 - 3*b + 3*b**2 - 3*b**2. Calculate x(5).
1
Let d(z) = -3*z**3 - z**2 + 3*z. Suppose 3*a = -11 + 5. Let y(g) = g**3 - g**2 + g. Let v(c) = a*y(c) + d(c). Determine v(-1).
5
Suppose 5*c - 7*c = -12. Let k(h) = -h - 3. Give k(c).
-9
Let x = 46 - 49. Let l(k) be the third derivative of k**6/120 + k**5/20 - k**4/24 + 2*k**3/3 + k**2. Calculate l(x).
7
Let i be ((-6 - -7)*0)/2. Let c(y) = y**2 + y + 3. Let b(p) = 1. Let o be ((-1)/(-3))/(2/(-6)). Let g(a) = o*c(a) + 3*b(a). Calculate g(i).
0
Let o = -7 + 13. Let a = o + -7. Let g(f) = -11*f - 1. Calculate g(a).
10
Let b(y) = y**3 + 5*y**2 - 7*y - 6. Let q be (-2)/3 + (-66)/(-18). Let x be 0/(3/q)*-1. Suppose x*m = m + 6. Determine b(m).
0
Let v(h) be the third derivative of -h**8/20160 - h**7/1260 - h**6/720 + h**5/15 - 4*h**2. Let k(m) be the third derivative of v(m). Calculate k(-2).
3
Let u(l) = 3*l - 2. Let i(h) = -h**2 - 12*h - 8. Let n be i(-8). Let a = n - 22. What is u(a)?
4
Let z(x) = 2*x + 9. Let v be z(-2). Let d(b) = 2*b - 6. What is d(v)?
4
Let h(l) = 5*l**3 + 5*l**2 - l - 4. Let g(y) = -9*y**3 - 9*y**2 + 2*y + 7. Let x(q) = 4*g(q) + 7*h(q). Calculate x(-3).
15
Let a be (3/(-6)*4)/2. Let o(r) = 2*r**2 - 4*r**2 - 2*r - 1 + r**2 + r - 4*r**3. Determine o(a).
3
Suppose -f - 4*l + 4 = 2, -l - 6 = -3*f. Let i(a) = 7*a**2 + a - f*a**2 - 3*a**2. Calculate i(-1).
1
Suppose 2*l + 24 = 6*l. Let p(i) = -i**3 + 6*i**2 + i. Calculate p(l).
6
Let v be ((-3)/(-30) + 12/(-20))*6. Let p(u) = 2*u + 4. Let f(l) = -l - 2. Let k(q) = -5*f(q) - 3*p(q). Calculate k(v).
1
Let j(t) = 6*t + 25. Let o(u) = 2*u + 8. Let m(a) = 4*j(a) - 11*o(a). Calculate m(-9).
-6
Let u be 0 + (2 - 1*-3). Let g(k) be the second derivative of -k**3/6 + 2*k**2 - 2*k - 17. Give g(u).
-1
Let m(p) be the third derivative of p**4/12 - 2*p**3 + 64*p**2. What is m(7)?
2
Let a be 5 + 1/2*2. Let z(x) = 37*x**2 - 14*x**2 - x**3 - 2*x + 2 - 17*x**2. Calculate z(a).
-10
Let y = 28 + -24. Let b(w) be the first derivative of -w**4/4 + 4*w**3/3 + 2*w**2 - 6*w + 2. What is b(y)?
10
Let u(c) = -2 + 4*c**2 - 6 - c - 5*c**2. Calculate u(0).
-8
Let l(n) = -1 - 2 + 2*n + 0*n. Suppose -41 = -2*x - 37. Determine l(x).
1
Let m(y) = 5*y + 25. Let v(n) = n + 6. Let o(u) = -2*m(u) + 9*v(u). Suppose 6*z - 24 = 2*z. Suppose h + z = 3*h. Give o(h).
1
Let s(y) = y**3 + 4*y**2 - 4*y + 7. Let u be s(-5). Let j(f) = u*f - 10 + 9 - f. Determine j(-3).
-4
Let p(a) be the first derivative of a**4/4 - a**2/2 - a - 8. Calculate p(-2).
-7
Let j be 2/7 - (-12)/7. Let t(r) = -r**2 + 6*r - 5. Let c be t(4). Let a(i) = -j*i + 3 - c*i + 2*i - i**2. Determine a(-3).
3
Let w(a) be the third derivative of a**7/1008 - a**6/720 - a**5/10 - a**2. Let q(h) be the third derivative of w(h). Calculate q(2).
9
Let v be (-2)/(-4)*22 - 2. Suppose 2*u + 15 = 5*f, -7*f + 4*f = -u - v. Let i(z) = f*z - z + z. Determine i(2).
6
Suppose 0 = 10*k - 12*k - 10. Let y(s) = -s**2 - s + 5. Determine y(k).
-15
Let m(u) = -u**2 + 2*u + 1. Let j be m(3). Let g(b) = -b**3 - b**2 + 4*b + 3. Give g(j).
-1
Let j(w) = w**2 + 6*w + 4. Let g = 124 - 131. Give j(g).
11
Let c(t) = -t**3 + 4*t**2 + 3*t + 4. Let r(h) = h**3 - 6*h**2 + 6*h. Let a be r(5). Determine c(a).
-6
Let q(m) = -m**3 - 3*m**2 - m - 1. Suppose -3*u - 3*t = -0*t + 9, 2*u - 4*t = 0. What is q(u)?
-3
Let r(g) = -1 - 3*g - g + 0. Suppose 0 = -3*k + 2*t, -2*k + 2*t - 6*t = -16. Give r(k).
-9
Let l(x) = x**3 + 8*x**2 + 2*x + 2. Suppose 40*q + 200 = 15*q. Calculate l(q).
-14
Let w(o) = 6*o + 29. Let d(u) = 2*u + 10. Let p(s) = -8*d(s) + 3*w(s). Calculate p(-6).
-5
Let a = 1 + 1. Let l(q) = -3*q**3 - q**2 - 3*q - 6. Let u(h) = -h**3 - h - 1. Let v(y) = l(y) - 4*u(y). Calculate v(a).
4
Let f(k) be the third derivative of -4*k**2 - 1/8*k**4 + 1/3*k**3 - 1/60*k**5 + 0*k + 0. Determine f(-5).
-8
Let g(r) = 1 - 1 + r**2. Let s(p) = p**3 + 5*p**2 + 9*p + 7. Let k(l) = 2*g(l) + s(l). What is k(-6)?
-11
Suppose x = 2*x - 2. Let w(i) = -8*i + 3. Determine w(x).
-13
Suppose p - 4 = -0. Let j(u) = u**3 - 5 + p + 4 + 2*u + 3*u**2. Calculate j(-2).
3
Let x(f) = 8*f**2 - 3*f. Let n be 12/(-8)*(-12)/9. Determine x(n).
26
Let h(r) = -2*r + 5. Let q be (-5)/(-10)*(0 + 0). Suppose q*p - 5 = -5*p. Let v be ((-3)/9)/(p/(-15)). Determine h(v).
-5
Let z(o) = 4*o + o**3 - 6*o**3 + 1 - 5*o. Let y be z(1). Let c(v) = -v - 8. Give c(y).
-3
Let y(u) = -28*u - 21. Let d(i) = -7*i - 5. Let j(c) = 21*d(c) - 5*y(c). Calculate j(-1).
7
Let y(i) = -6*i**2 - 4*i - 3. Let n(z) = z**2 + z + 1. Let k(p) = -3*n(p) - y(p). Determine k(1).
4
Let b = 5 - 2. Suppose 4*m - 5 = 3*m - u, 2*m = -b*u + 9. Let n(o) = -o - 3. What is n(m)?
-9
Let l(s) = 2*s - s - 5*s + 3. Let a = -32 - -34. Give l(a).
-5
Suppose 5*u - 2*o = 33, 3*o - 15 = -2*u + 2*o. Suppose x - 3 = 2*n, 3*x - 5*n - 2 - u = 0. Let l(a) = -2*a**2 + 0*a + 2*a + 4 + a**2. Calculate l(x).
1
Let p(l) = l**2 - 10*l + 9. Let x be p(9). Let r(f) = f**3 + f**2 + 2. Let u be r(x). Let d be 3*(-1 + -1)/u. Let z(m) = -m - 2. Give z(d).
1
Let n be (-4)/10 + (-10)/(-25). Let x(r) = -2*r + n*r**2 + 2 + r**2 - 3*r**2. What is x(-2)?
-2
Let s = 492 + -488. Let x(k) = k - 5 + 2 + k. Give x(s).
5
Suppose 62 = a + q, 2*a + 0*q - 124 = -3*q. Let b = a - 30. Suppose -7 = -2*l + 5*s, 2*s + 0*s = -5*l + b. Let u(m) = -m**3 + 7*m**2 - 7*m + 6. Calculate u(l).
0
Let t(x) be the third derivative of -x**5/60 - x**4/6 - x**3/6 + 62*x**2. Let m(k) = -4*k**2. Let l be m(-1). Give t(l).
-1
Let s(m) = m**3 + 4*m**2 - 6*m - 2. Let g be s(-5). Suppose 0 = -0*v - g*v. Let z(n) be the third derivative of n**4/24 + n**3/2 - 21*n**2 + n. Determine z(v).
3
Let s(h) = 3*h**2 + 15*h - 7. Let v(r) = -2*r**2 - 8*r + 3. Let d(b) = -3*s(b) - 5*v(b). Determine d(4).
2
Suppose -5*n = 25, -2*c + 5*n + 27 - 2 = 0. Let g(j) = j**2 + j - 3. Let w be g(-3). Let m(q) = w + 2 + q + 6. Calculate m(c).
11
Let n = 25 - 23. Let z be ((-10)/(-20))/(n/12). Let q(l) = l**3 - 3*l**2 + 4*l - 4. Calculate q(z).
8
Suppose -2*b - 5*u - 1 + 4 = 0, -4*b = u + 3. Let k(h) = 3*h**2 - 5*h + 4. Let t(c) = -2*c**2 + 4*c - 3. Let q(x) = 3*k(x) + 4*t(x). Give q(b).
0
Let p be (-1 + -3)*(-3)/(-6). Let q be p/5 - (-2)/5. Let f(y) = -y**3 + y + 8. Determine f(q).
8
Let b(g) = -g**2 + 5. Let x be b(0). Suppose x*f + 2 = 6*f. Suppose h = f*h - 3. Let k(q) = -2*q + 1. What is k(h)?
-5
Suppose 13 - 3 = -2*l. Let z = l - -10. Let o(w) = 2*w**2 + 2 + 3*w**2 + 5*w + z*w**3 - 4*w**3. Determine o(-3).
5
Let k(r) = -r**2 - 12. Suppose -6*b = -5*b. Calculate k(b).
-12
Suppose -32 = 15*t - 11*t. Let d(p) = p**3 + 8*p**2 - p - 9. Give d(t).
-1
Suppose 2*r - 34 = -5*j, 2*j - 22 = r + r. Let p(h) = 2*h - 7. Determine p(j).
9
Let x(h) = 8*h**3 + 1. Let d = 28 + -6. Let k be 1/3 + d/33. Give x(k).
9